{"id":646,"date":"2023-12-06T09:28:20","date_gmt":"2023-12-06T08:28:20","guid":{"rendered":"https:\/\/wildepfalz.de\/shop\/unkategorisiert\/hirsch-nuss\/"},"modified":"2025-04-15T18:40:15","modified_gmt":"2025-04-15T16:40:15","slug":"hirsch-nuss","status":"publish","type":"product","link":"https:\/\/wildepfalz.de\/?product=hirsch-nuss","title":{"rendered":"Hirsch Nuss"},"content":{"rendered":"<p>Exquisites Fleischst\u00fcck, ideal f\u00fcr feine Schnitzel oder Filet. Am besten in der Pfanne mit Kr\u00e4utern und Butter gebraten oder als Teil eines festlichen Bratens.<\/p>\n","protected":false},"excerpt":{"rendered":"<p>Exquisites Fleischst\u00fcck, ideal f\u00fcr feine Schnitzel oder Filet. Am besten in der Pfanne mit Kr\u00e4utern und Butter gebraten oder als Teil eines festlichen Bratens.<\/p>\n","protected":false},"featured_media":458,"template":"","meta":[],"product_brand":[],"product_cat":[63],"product_tag":[70],"class_list":{"0":"post-646","1":"product","2":"type-product","3":"status-publish","4":"has-post-thumbnail","6":"product_cat-wildfleisch","7":"product_tag-hirsch","9":"first","10":"outofstock","11":"taxable","12":"shipping-taxable","13":"purchasable","14":"product-type-simple"},"_links":{"self":[{"href":"https:\/\/wildepfalz.de\/index.php?rest_route=\/wp\/v2\/product\/646","targetHints":{"allow":["GET"]}}],"collection":[{"href":"https:\/\/wildepfalz.de\/index.php?rest_route=\/wp\/v2\/product"}],"about":[{"href":"https:\/\/wildepfalz.de\/index.php?rest_route=\/wp\/v2\/types\/product"}],"version-history":[{"count":1,"href":"https:\/\/wildepfalz.de\/index.php?rest_route=\/wp\/v2\/product\/646\/revisions"}],"predecessor-version":[{"id":647,"href":"https:\/\/wildepfalz.de\/index.php?rest_route=\/wp\/v2\/product\/646\/revisions\/647"}],"wp:featuredmedia":[{"embeddable":true,"href":"https:\/\/wildepfalz.de\/index.php?rest_route=\/wp\/v2\/media\/458"}],"wp:attachment":[{"href":"https:\/\/wildepfalz.de\/index.php?rest_route=%2Fwp%2Fv2%2Fmedia&parent=646"}],"wp:term":[{"taxonomy":"product_brand","embeddable":true,"href":"https:\/\/wildepfalz.de\/index.php?rest_route=%2Fwp%2Fv2%2Fproduct_brand&post=646"},{"taxonomy":"product_cat","embeddable":true,"href":"https:\/\/wildepfalz.de\/index.php?rest_route=%2Fwp%2Fv2%2Fproduct_cat&post=646"},{"taxonomy":"product_tag","embeddable":true,"href":"https:\/\/wildepfalz.de\/index.php?rest_route=%2Fwp%2Fv2%2Fproduct_tag&post=646"}],"curies":[{"name":"wp","href":"https:\/\/api.w.org\/{rel}","templated":true}]}}