{"id":285,"date":"2023-11-18T22:18:41","date_gmt":"2023-11-18T21:18:41","guid":{"rendered":"https:\/\/wildepfalz.de\/?post_type=product&#038;p=285"},"modified":"2025-08-31T10:55:38","modified_gmt":"2025-08-31T08:55:38","slug":"rehrueken","status":"publish","type":"product","link":"https:\/\/wildepfalz.de\/?product=rehrueken","title":{"rendered":"Rehr\u00fcken"},"content":{"rendered":"<p>Der\u00a0<strong>Rehr\u00fccken ohne Knochen<\/strong> ist zum Braten \/ Kurzbraten, Grillen, R\u00e4uchern, besonders geeignet. Dieses Wildfleisch ist aus der freien Natur \/ heimischer Wildbestand aus Deutschland (Kreis Germersheim und S\u00fcdlicheweinstra\u00dfe)! Beste pf\u00e4lzer Qualit\u00e4t<\/p>\n","protected":false},"excerpt":{"rendered":"<p>Der\u00a0Rehr\u00fccken ohne Knochen ist zum Braten \/ Kurzbraten, Grillen, R\u00e4uchern, besonders geeignet. Dieses Wildfleisch ist aus der freien Natur \/ heimischer Wildbestand aus Deutschland (Kreis Germersheim und S\u00fcdlicheweinstra\u00dfe)! Beste pf\u00e4lzer Qualit\u00e4t<\/p>\n","protected":false},"featured_media":322,"template":"","meta":[],"product_brand":[],"product_cat":[63],"product_tag":[69],"class_list":{"0":"post-285","1":"product","2":"type-product","3":"status-publish","4":"has-post-thumbnail","6":"product_cat-wildfleisch","7":"product_tag-reh","9":"first","10":"instock","11":"taxable","12":"shipping-taxable","13":"purchasable","14":"product-type-simple"},"_links":{"self":[{"href":"https:\/\/wildepfalz.de\/index.php?rest_route=\/wp\/v2\/product\/285","targetHints":{"allow":["GET"]}}],"collection":[{"href":"https:\/\/wildepfalz.de\/index.php?rest_route=\/wp\/v2\/product"}],"about":[{"href":"https:\/\/wildepfalz.de\/index.php?rest_route=\/wp\/v2\/types\/product"}],"version-history":[{"count":1,"href":"https:\/\/wildepfalz.de\/index.php?rest_route=\/wp\/v2\/product\/285\/revisions"}],"predecessor-version":[{"id":323,"href":"https:\/\/wildepfalz.de\/index.php?rest_route=\/wp\/v2\/product\/285\/revisions\/323"}],"wp:featuredmedia":[{"embeddable":true,"href":"https:\/\/wildepfalz.de\/index.php?rest_route=\/wp\/v2\/media\/322"}],"wp:attachment":[{"href":"https:\/\/wildepfalz.de\/index.php?rest_route=%2Fwp%2Fv2%2Fmedia&parent=285"}],"wp:term":[{"taxonomy":"product_brand","embeddable":true,"href":"https:\/\/wildepfalz.de\/index.php?rest_route=%2Fwp%2Fv2%2Fproduct_brand&post=285"},{"taxonomy":"product_cat","embeddable":true,"href":"https:\/\/wildepfalz.de\/index.php?rest_route=%2Fwp%2Fv2%2Fproduct_cat&post=285"},{"taxonomy":"product_tag","embeddable":true,"href":"https:\/\/wildepfalz.de\/index.php?rest_route=%2Fwp%2Fv2%2Fproduct_tag&post=285"}],"curies":[{"name":"wp","href":"https:\/\/api.w.org\/{rel}","templated":true}]}}